-1010110111010100110101010
In base 9, what is -28502 + -1015?
-30517
In base 13, what is 3c0 - -11b7c?
1226c
In base 13, what is -1a714813 - -6?
-1a71480a
In base 11, what is -4171 - -60?
-4111
In base 16, what is -72715c0 + 3?
-72715bd
In base 9, what is -825107 - -65?
-825032
In base 10, what is 4984 - 207282?
-202298
In base 9, what is 2 - 1153431?
-1153428
In base 16, what is -32ad7 + 65?
-32a72
In base 4, what is 103202001233 + -1012?
103202000221
In base 13, what is -77448 - 5?
-77450
In base 4, what is 32001100022 - 10?
32001100012
In base 10, what is -28265638 - -3?
-28265635
In base 16, what is -5 - 6d41d48?
-6d41d4d
In base 10, what is 44787081 - -3?
44787084
In base 16, what is -19c8c + fbb?
-18cd1
In base 8, what is 3717710 - -11?
3717721
In base 3, what is 11 + -10211102001121?
-10211102001110
In base 14, what is -166c84 - -3?
-166c81
In base 8, what is -516745 + -157?
-517124
In base 7, what is -41333316 - -22?
-41333264
In base 16, what is d + -7d83?
-7d76
In base 8, what is 1254 + 3404?
4660
In base 7, what is -12640 - 1153?
-14123
In base 15, what is -28d99 + 18d?
-28c0b
In base 6, what is 440030 - -3555?
444025
In base 12, what is 10509b - -3?
1050a2
In base 2, what is -110 + -101011111000101101000101?
-101011111000101101001011
In base 3, what is 10020010001 - -210101?
10020220102
In base 9, what is 4482688 - 7?
4482681
In base 2, what is -10101010101 - -110110010?
-1110100011
In base 3, what is -1200100212100 - -11?
-1200100212012
In base 5, what is -2144301 + -440343?
-3140144
In base 14, what is b9213 + -ac?
b9145
In base 2, what is 100011111 + -1000110001100?
-1000001101101
In base 14, what is 14 + -2d19053?
-2d1903d
In base 11, what is -554 - -11318?
10874
In base 4, what is -2020000020 + 201?
-2013333213
In base 13, what is -2 + -372846c?
-3728471
In base 13, what is -2250 + -c692?
-11912
In base 3, what is 1101021122011 - 112001?
1101021010010
In base 9, what is -1 - 16045404?
-16045405
In base 7, what is -3464 - 135?
-3632
In base 14, what is 34995 - -950?
35505
In base 11, what is 7292 + -10637?
-4355
In base 11, what is -107204 + 651?
-106663
In base 15, what is 93b + 6960?
739b
In base 2, what is -1100010011000000010 + -110?
-1100010011000001000
In base 3, what is 2121 - 2100112022010?
-2100112012112
In base 9, what is 202 - -65571?
65773
In base 14, what is -210a - 2db9?
-50c5
In base 12, what is 1451b64 - 2?
1451b62
In base 3, what is -200000011102202 + 20?
-200000011102112
In base 13, what is 11 + 4100249?
410025a
In base 2, what is 11 - 100110011000111100011011?
-100110011000111100011000
In base 13, what is 910 - -3b10?
4720
In base 11, what is -65334920 - -7?
-65334914
In base 11, what is 44 + -29695?
-29651
In base 9, what is -448 - -578275?
577726
In base 16, what is -7154 + -8a?
-71de
In base 14, what is -32 - -4d267c?
4d264a
In base 10, what is 492189 + 5?
492194
In base 12, what is 6366 - 1?
6365
In base 5, what is -410 + -11111243?
-11112203
In base 5, what is -44122340 - 4?
-44122344
In base 4, what is 21010 - -11212312?
11233322
In base 6, what is 32142555350 - 0?
32142555350
In base 12, what is -42a - 21a03?
-22231
In base 14, what is -5 - 1275081?
-1275086
In base 9, what is -42 + 245442?
245400
In base 10, what is 11 - 36043?
-36032
In base 4, what is -121102333 - 12103?
-121121102
In base 9, what is 618678 + 56?
618745
In base 11, what is 1591 - 2750?
-116a
In base 16, what is -62df - 9a?
-6379
In base 14, what is -2a5ac3 + 5?
-2a5abc
In base 15, what is 7c16 + 105?
7d1b
In base 12, what is -34a74 - -10?
-34a64
In base 16, what is -87567 + 3e?
-87529
In base 5, what is -340231302044 - 10?
-340231302104
In base 16, what is -8 + -8237a?
-82382
In base 16, what is -20 + 4f098?
4f078
In base 6, what is 3310 + -34451204?
-34443454
In base 11, what is 94564 + 629?
95092
In base 6, what is -5502454443 + -4?
-5502454451
In base 13, what is -a7 - 378993?
-378a6a
In base 5, what is -20320200 - -1233?
-20313412
In base 12, what is -5066a + 19b?
-5048b
In base 7, what is 4302322 - 616?
4301403
In base 13, what is 53311 + 43?
53354
In base 14, what is -3 - -7a6bd9?
7a6bd6
In base 10, what is -209 + -16493?
-16702
In base 10, what is 7544 + 13?
7557
In base 7, what is -56014211 - -3?
-56014205
In base 15, what is bee7 - 101?
bde6
In base 14, what is 231c8 - -74?
2325c
In base 12, what is -25314 - 2a87?
-2819b
In base 3, what is 20221002001 + -11202?
20220220022
In base 12, what is -43 + 53a246?
53a203
In base 6, what is -3 + -40220254535?
-40220254542
In base 8, what is 2177 + -10501?
-6302
In base 11, what is 6574 - -174?
6738
In base 13, what is 77c86 + 19?
77ca2
In base 14, what is 51136a5 - -3?
51136a8
In base 4, what is 10321002 + 221120?
11202122
In base 6, what is -1031011120 - 4?
-1031011124
In base 3, what is -1200 - -102201211020?
102201202120
In base 14, what is -abb088 - 10?
-abb098
In base 8, what is 123610 - -34111?
157721
In base 10, what is 8315 - 1077?
7238
In base 6, what is -13 + 140205554?
140205541
In base 13, what is -c3b + -1297?
-2205
In base 4, what is -3 + -2103311200333?
-2103311201002
In base 11, what is -3175a0 - 262?
-317852
In base 5, what is -201140 - -12031220?
11330030
In base 8, what is 1531 + 323227?
324760
In base 15, what is 6a45753 + -5?
6a4574d
In base 4, what is -1322313 - 133300?
-2122213
In base 13, what is -9c8a2 - -18?
-9c887
In base 3, what is 101100 + -10002010012?
-10001201212
In base 2, what is -1100 - 1001001101110110110011000?
-1001001101110110110100100
In base 15, what is 80d35 + 19?
80d4e
In base 2, what is -10010001011111 + -10011101?
-10010011111100
In base 12, what is -443a - -19457?
15019
In base 11, what is 0 - 16110569?
-16110569
In base 6, what is 10014504510 + 0?
10014504510
In base 7, what is 11520 - -126625?
141445
In base 8, what is -142671 - 164?
-143055
In base 7, what is -6326560030 - 4?
-6326560034
In base 12, what is 45 - 842b74?
-842b2b
In base 2, what is -10100100010101000001011 - 100011?
-10100100010101000101110
In base 7, what is 61160123 + 541?
61160664
In base 3, what is -1121000211010 + 21122?
-1121000112111
In base 16, what is -102a5 - 132?
-103d7
In base 4, what is 1222301223 - -30?
1222301313
In base 16, what is -144976 + a?
-14496c
In base 14, what is 43492c + -5?
434927
In base 13, what is 37 + 191464?
19149b
In base 6, what is 11054535 - 52?
11054443
In base 6, what is 3 - 400534401?
-400534354
In base 5, what is -40 + -402434033?
-402434123
In base 13, what is -734 - -aa8b?
a357
In base 14, what is b020 + 10b4?
c0d4
In base 5, what is -2202240204021 - 3?
-2202240204024
In base 11, what is -76872 - 848?
-7760a
In base 13, what is -1104a5 - b9?
-110591
In base 7, what is 31 - 3265061?
-3265030
In base 15, what is -733 - d7b2?
-dee5
In base 15, what is 154d72c3 + 0?
154d72c3
In base 3, what is -12 - -2200100002210112?
2200100002210100
In base 5, what is -3130200233 + -10?
-3130200243
In base 10, what is -7354300 - 106?
-7354406
In base 11, what is -317791a + 5?
-3177915
In base 12, what is -4a402b0 + -2?
-4a402b2
In base 15, what is -7b37a7 - 5?
-7b37ac
In base 13, what is 3 - -9c0255b?
9c02561
In base 16, what is 396564 + -2f?
396535
In base 13, what is 92a90 - 8b?
92a02
In base 14, what is 3 - -c58088?
c5808b
In base 11, what is -20aa + 1596?
-614
In base 4, what is -13103202 + 300022?
-12203120
In base 7, what is -50 - -2362445?
2362365
In base 4, what is -312 + -1030210322?
-1030211300
In base 5, what is -400 - -434320?
433420
In base 11, what is 14506775 + 2?
14506777
In base 3, what is 101 + 1120220011000?
1120220011101
In base 5, what is 244003 - -122133?
421141
In base 7, what is 5 + 1133523402?
1133523410
In base 16, what is -f3 + -4e4a?
-4f3d
In base 12, what is 42b93a1 - 4?
42b9399
In base 14, what is 2 + -d20072b?
-d200729
In base 7, what is -10134 - -150416?
140252
In base 11, what is 49325a1 - -5?
49325a6
In base 10, what is -44 + 353440?
353396
In base 7, what is -1 + -1024640?
-1024641
In base 9, what is 1155 - 711787?
-710632
In base 15, what is 53c49 + 19?
53c63
In base 12, what is -24699 + -161?
-2483a
In base 5, what is -431023 - 104312?
-1040340
In base 6, what is -543132 + -430?
-544002
In base 13, what is ac4c4 - 3c?
ac485
In base 15, what is 4a0d - -504?
5012
In base 10, what is 2724107 + -35?
2724072
In 